{"id":3263,"date":"2020-08-01T15:53:55","date_gmt":"2020-08-01T15:53:55","guid":{"rendered":"http:\/\/sucesoresluisrodriguez.com\/site\/?post_type=product&#038;p=3263"},"modified":"2020-08-01T16:22:46","modified_gmt":"2020-08-01T16:22:46","slug":"canela","status":"publish","type":"product","link":"https:\/\/sucesoresluisrodriguez.com\/site\/product\/canela\/","title":{"rendered":"Canela: entera y molida"},"content":{"rendered":"","protected":false},"excerpt":{"rendered":"<h3>Cantidad\/peso: Libra, 1\/2 libra, 4 onzas, 2 onzas.<\/h3>\n<hr \/>\n<h3>Beneficios<\/h3>\n<h4 id=\"af_intertitre_11\" class=\"intertitre\">1. Para la hinchaz\u00f3n del est\u00f3mago<\/h4>\n<p>\u00bfTe sientes como una pelota? La canela es un gran remedio para la hinchaz\u00f3n de abdomen.<\/p>\n<ul>\n<li>Ayuda a que las digestiones sean m\u00e1s ligeras<\/li>\n<li>Previene el malestar estomacal.<\/li>\n<li>Puedes a\u00f1adirla a una infusi\u00f3n despu\u00e9s de cada comida.<\/li>\n<li>La canela puede marcar la diferencia entre una infusi\u00f3n ins\u00edpida y otra sabrosa&#8230;<\/li>\n<\/ul>\n<h4 id=\"af_intertitre_13\" class=\"intertitre\">2. Remedio casero para el pie de atleta<\/h4>\n<p class=\"standard\">El aceite de canela diluido es un remedio natural para reducir los hongos como el pie de atleta.<\/p>\n<ul class=\"standard\">\n<li>Se debe hacer empapando todo el pie en aceite<\/li>\n<li>Es recomendable utilizar un recipiente<\/li>\n<li>Reposar ah\u00ed los pies cada noche.<\/li>\n<li>Adem\u00e1s de ser una cura natural, su fragancia te <strong>ayudar\u00e1 a relajarte y aumentar tu bienestar.<\/strong><\/li>\n<\/ul>\n<h4 id=\"af_intertitre_15\" class=\"intertitre\">3. Limpiador<\/h4>\n<p class=\"standard\">Seguro que pensabas que la utilidad de esta especia se reduce tan solo a las comidas. Adem\u00e1s de aderezar nuestro paladar la canela tambi\u00e9n es uno de los desinfectantes naturales m\u00e1s fuertes que hay. Sus propiedades antibacterianas hacen de ella un <strong>poderoso limpiador. <\/strong>Ayuda a neutralizar los olores con su fragancia.<\/p>\n<h4 id=\"af_intertitre_17\" class=\"intertitre\">4. Ayuda en los resfriados<\/h4>\n<p class=\"standard\">Cuando se trata de los resfriados y la gripe, la canela no puede faltar en tu kit de remedios caseros. Los expertos recomiendan combinar:<\/p>\n<ul class=\"standard\">\n<li><strong>\u00bd cucharadita de canela <\/strong><\/li>\n<li><strong>1 cucharadita de miel 2 o 3 veces al d\u00eda<\/strong> para ayudar a la cura del resfriado.<\/li>\n<\/ul>\n<p class=\"standard\">Tambi\u00e9n ayuda a prevenir la congesti\u00f3n.<\/p>\n<p>Si padeces dolores de cabeza tambi\u00e9n puede ayudarte a aliviarlos. Para ello se debe mezclar:<\/p>\n<ul class=\"standard\">\n<li>\u00bd cucharadita de canela con agua,<\/li>\n<li>Obtendremos una pasta que debemos extender por la zona afectada<\/li>\n<li>Dejar que repose durante 15 minutos.<\/li>\n<\/ul>\n<h4 id=\"af_intertitre_19\" class=\"intertitre\">5. Remedio de dieta<\/h4>\n<p class=\"standard\">El t\u00e9 de canela combinado con el laurel constituye uno de los trucos m\u00e1s cl\u00e1sicos caseros para ayudarnos en nuestra dieta para adelgazar. Eso s\u00ed, no hay nada como seguir una alimentaci\u00f3n equilibrada basada en estos 50 consejos que te damos a continuaci\u00f3n.<\/p>\n<h4 id=\"af_intertitre_22\" class=\"intertitre\">6. Una buena amiga para el cerebro<\/h4>\n<p class=\"standard\">Se han realizado investigaciones en el centro <strong>Healthspan<\/strong> en las que se destacan el potencial beneficioso de los compuestos de la canela (cinamaldeh\u00eddo y epicatequina) en la<strong> prevenci\u00f3n y tratamiento del Alzheimer.<\/strong> Esto es tan solo un estudio que contin\u00faa en proceso pero no perdemos nada por a\u00f1adir un poco de dulzura y esperanza a nuestras vidas con la canela.<\/p>\n<h4 id=\"af_intertitre_24\" class=\"intertitre\">7. Controla el az\u00facar en sangre<\/h4>\n<p class=\"standard\">Como ya se mencion\u00f3 al principio se ha demostrado en varios estudios que la canela ayuda a mejorar el control del az\u00facar en la sangre en personas con diabetes tipo 2. Esto tambi\u00e9n es un beneficio para las personas no diab\u00e9ticas puesto que <strong>ayuda: <\/strong><\/p>\n<ul class=\"standard\">\n<li><strong>A reducir el pico de az\u00facar en sangre<\/strong><\/li>\n<li>A prevenir la ca\u00edda posterior que nos puede dejar la sensaci\u00f3n de cansancio y dolor de cabeza.<\/li>\n<\/ul>\n<p class=\"standard\">A\u00f1ade cada ma\u00f1ana a tu desayuno una pizquita de canela.<\/p>\n<h4 id=\"af_intertitre_26\" class=\"intertitre\">8. Anti-edad<\/h4>\n<p class=\"standard\">Descubre los beneficios de la juventud de la canela a\u00f1adiendo \u00bd cucharadita a tu dieta diaria. La canela est\u00e1 considerada como uno de los siete principales antioxidantes naturales. Su capacidad de proteger las c\u00e9lulas del cuerpo no s\u00f3lo tiene implicaciones para ayudar a reducir el paso del tiempo, sino que tambi\u00e9n <strong>protege nuestra piel de los agentes externos<\/strong> que la estropean como la contaminaci\u00f3n.<\/p>\n<h4 id=\"af_intertitre_28\" class=\"intertitre\">9. Es un relajante muscular<\/h4>\n<p class=\"standard\">El <strong>arom\u00e1tico olor de la canela y sus propiedades anti-inflamatorias<\/strong> hacen que sea un remedio natural fabuloso para los m\u00fasculos cansados y doloridos. Los masajes con aceite de canela ayudan a relajar los m\u00fasculos despu\u00e9s de cualquier entrenamiento deportivo. Si prefieres un ba\u00f1o relajante para reposar despu\u00e9s del ejercicio debes probar la combinaci\u00f3n de agua caliente, canela y unas gotas de miel. Con un poco de canela para ayudarte despu\u00e9s de hacer deporte, y estas canciones para ayudarte durante el ejercicio, no habr\u00e1 nada que te pare.<\/p>\n<h4 id=\"af_intertitre_31\" class=\"intertitre\">10. Para la menstruaci\u00f3n<\/h4>\n<p class=\"standard\">En esos d\u00edas delicados del mes en los que lo \u00fanico que quieres es que te quiten la barriga nada mejor que una taza calentita de leche con canela.<strong>Calmar\u00e1 tu dolor y te sentir\u00e1s mucho m\u00e1s relajada.<\/strong> Tambi\u00e9n puedes combinar la canela con t\u00e9 caliente.<\/p>\n<h4 id=\"af_intertitre_33\" class=\"intertitre\">11. Huesos sanos<\/h4>\n<p class=\"standard\">La canela es una gran fuente de calcio por lo que si hablamos de mantener nuestros huesos fuertes y una vida saludable nada mejor que esta gran amiga para conseguirlo. Prueba con una taza de t\u00e9 de canela al d\u00eda o directamente aplicando el <strong>aceite de canela en las articulaciones.<\/strong><\/p>\n<h4 id=\"af_intertitre_35\" class=\"intertitre\">12. Combate el acn\u00e9<\/h4>\n<p class=\"standard\">Otra raz\u00f3n m\u00e1s para a\u00f1adir la canela a tu dieta es que ayuda a tratar el acn\u00e9. Gracias a sus propiedades anti-bacterianas y anti-microbianas ayudan a <strong>suavizar y limpiar las impurezas de la piel.<\/strong> Puedes prepararla como una mascarilla facial, tan solo tienes que mezclarla con miel y dejar que act\u00fae durante 15 minutos para despu\u00e9s retirarla con agua tibia.<\/p>\n","protected":false},"featured_media":3264,"template":"","meta":[],"product_brand":[],"product_cat":[77],"product_tag":[],"class_list":{"0":"post-3263","1":"product","2":"type-product","3":"status-publish","4":"has-post-thumbnail","6":"product_cat-especerias_dulce","8":"first","9":"instock","10":"shipping-taxable","11":"product-type-simple"},"_links":{"self":[{"href":"https:\/\/sucesoresluisrodriguez.com\/site\/wp-json\/wp\/v2\/product\/3263","targetHints":{"allow":["GET"]}}],"collection":[{"href":"https:\/\/sucesoresluisrodriguez.com\/site\/wp-json\/wp\/v2\/product"}],"about":[{"href":"https:\/\/sucesoresluisrodriguez.com\/site\/wp-json\/wp\/v2\/types\/product"}],"wp:featuredmedia":[{"embeddable":true,"href":"https:\/\/sucesoresluisrodriguez.com\/site\/wp-json\/wp\/v2\/media\/3264"}],"wp:attachment":[{"href":"https:\/\/sucesoresluisrodriguez.com\/site\/wp-json\/wp\/v2\/media?parent=3263"}],"wp:term":[{"taxonomy":"product_brand","embeddable":true,"href":"https:\/\/sucesoresluisrodriguez.com\/site\/wp-json\/wp\/v2\/product_brand?post=3263"},{"taxonomy":"product_cat","embeddable":true,"href":"https:\/\/sucesoresluisrodriguez.com\/site\/wp-json\/wp\/v2\/product_cat?post=3263"},{"taxonomy":"product_tag","embeddable":true,"href":"https:\/\/sucesoresluisrodriguez.com\/site\/wp-json\/wp\/v2\/product_tag?post=3263"}],"curies":[{"name":"wp","href":"https:\/\/api.w.org\/{rel}","templated":true}]}}