{"id":3255,"date":"2020-08-01T15:42:35","date_gmt":"2020-08-01T15:42:35","guid":{"rendered":"http:\/\/sucesoresluisrodriguez.com\/site\/?post_type=product&#038;p=3255"},"modified":"2020-08-01T16:26:33","modified_gmt":"2020-08-01T16:26:33","slug":"anis-estrellado","status":"publish","type":"product","link":"https:\/\/sucesoresluisrodriguez.com\/site\/product\/anis-estrellado\/","title":{"rendered":"An\u00eds estrellado"},"content":{"rendered":"","protected":false},"excerpt":{"rendered":"<h3>Cantidad\/peso: Libra, 1\/2 libra, 4 onzas.<\/h3>\n<hr \/>\n<p>Adem\u00e1s de su sabor anisado, y pese a no guardar relaci\u00f3n de parentesco con la planta que conocemos como an\u00eds verde, Pimpinella anisum L., s\u00ed comparten algunas propiedades, adem\u00e1s de su sabor.<\/p>\n<p>Esto se debe, primordialmente, a un componente qu\u00edmico com\u00fan a ambas plantas, el <strong>anetol<\/strong>. Este compuesto presente en las propiedades del an\u00eds estrellado, tambi\u00e9n llamado parapropenilanilosa se encuentra adem\u00e1s en el hinojo.<\/p>\n<p>Este componente hace que el uso del an\u00eds estrellado sea muy \u00fatil para combatir c\u00f3licos, dolores musculares y articulares.<\/p>\n<p>Al mismo tiempo, ayuda a mejorar el tracto intestinal y la digesti\u00f3n. Por ejemplo para los c\u00f3licos infantiles, esos retortijones y gases del aparato digestivo de los beb\u00e9s reci\u00e9n nacidos, pueden ser paliados con el uso del an\u00eds estrellado.<\/p>\n<p>En este caso, teniendo en cuenta que los beb\u00e9s muy peque\u00f1os no deben consumir este tipo de plantas, ni otras, la ingesta del an\u00eds estrellado la har\u00e1n a trav\u00e9s de la leche materna. Ser\u00e1 la madre la que consuma las propiedades del an\u00eds estrellado a trav\u00e9s de infusi\u00f3n, que a su vez pasar\u00e1 al beb\u00e9 con su leche materna.<\/p>\n<p>Tambi\u00e9n es \u00fatil para los espasmos del est\u00f3mago y la ves\u00edcula, siempre que la persona est\u00e9 sana y no tenga problemas de irritaci\u00f3n estomacal.<\/p>\n<p>El an\u00eds estrellado tiene adem\u00e1s principios activos antibacterianos y fungicidas, por lo cual es muy \u00fatil para tratar gripes, bronquitis, tos y asma. Otro de los principios activos del an\u00eds estrellado es el linalool. Este se utiliza como antioxidante natural, adem\u00e1s de eliminar toxinas del organismo.<\/p>\n","protected":false},"featured_media":3262,"template":"","meta":[],"product_brand":[],"product_cat":[15,77],"product_tag":[],"class_list":{"0":"post-3255","1":"product","2":"type-product","3":"status-publish","4":"has-post-thumbnail","6":"product_cat-uncategorized","7":"product_cat-especerias_dulce","9":"first","10":"instock","11":"shipping-taxable","12":"product-type-simple"},"_links":{"self":[{"href":"https:\/\/sucesoresluisrodriguez.com\/site\/wp-json\/wp\/v2\/product\/3255","targetHints":{"allow":["GET"]}}],"collection":[{"href":"https:\/\/sucesoresluisrodriguez.com\/site\/wp-json\/wp\/v2\/product"}],"about":[{"href":"https:\/\/sucesoresluisrodriguez.com\/site\/wp-json\/wp\/v2\/types\/product"}],"wp:featuredmedia":[{"embeddable":true,"href":"https:\/\/sucesoresluisrodriguez.com\/site\/wp-json\/wp\/v2\/media\/3262"}],"wp:attachment":[{"href":"https:\/\/sucesoresluisrodriguez.com\/site\/wp-json\/wp\/v2\/media?parent=3255"}],"wp:term":[{"taxonomy":"product_brand","embeddable":true,"href":"https:\/\/sucesoresluisrodriguez.com\/site\/wp-json\/wp\/v2\/product_brand?post=3255"},{"taxonomy":"product_cat","embeddable":true,"href":"https:\/\/sucesoresluisrodriguez.com\/site\/wp-json\/wp\/v2\/product_cat?post=3255"},{"taxonomy":"product_tag","embeddable":true,"href":"https:\/\/sucesoresluisrodriguez.com\/site\/wp-json\/wp\/v2\/product_tag?post=3255"}],"curies":[{"name":"wp","href":"https:\/\/api.w.org\/{rel}","templated":true}]}}