{"id":3249,"date":"2020-05-26T16:26:53","date_gmt":"2020-05-26T16:26:53","guid":{"rendered":"http:\/\/sucesoresluisrodriguez.com\/site\/?post_type=product&#038;p=3249"},"modified":"2020-08-01T16:25:54","modified_gmt":"2020-08-01T16:25:54","slug":"anis-castilla","status":"publish","type":"product","link":"https:\/\/sucesoresluisrodriguez.com\/site\/product\/anis-castilla\/","title":{"rendered":"An\u00eds de castilla o verde"},"content":{"rendered":"","protected":false},"excerpt":{"rendered":"<h3>Cantidad\/peso: Libra, 1\/2 libra, 4 onzas.<\/h3>\n<hr \/>\n<p>El <strong>An\u00eds<\/strong>, <em>Pimpinella anisum<\/em>, tambi\u00e9n conocido como matalauva, an\u00eds verde, simiente dulce, an\u00eds de pan o hierba dulce. Esta planta anual de la familia de las Api\u00e1ceas es originaria de Oriente medio. Puede llegar a alcanzar una altura de 60 cm, posee hojas lobuladas y flores blancas agrupadas en umbelas que guardan las semillas.<\/p>\n<p>Desde la antig\u00fcedad, en culturas como la egipcia, china, griega o romana se han usado las <strong>semillas de an\u00eds<\/strong> como remedio natural en la medicina popular, as\u00ed como en la elaboraci\u00f3n de bebidas y alimentos.<\/p>\n<h4>Propiedades medicinales del an\u00eds verde<\/h4>\n<p>El an\u00eds posee aceites esenciales y flavonoides, entre otros compuestos. Tiene acci\u00f3n digestiva, t\u00f3nica, relajante, carminativa, expectorante, antis\u00e9ptica, fungicida.<\/p>\n<h4>Beneficios y usos del an\u00eds verde<\/h4>\n<ul>\n<li>Mejora las afecciones del aparato digestivo<\/li>\n<li>Evita el mal aliento o halitosis<\/li>\n<li>Es un remedio natural para la candidiasis<\/li>\n<li>Ayuda a eliminar los gases del tracto intestinal<\/li>\n<li>Se utiliza para aliviar los c\u00f3licos<\/li>\n<li>Favorece el sue\u00f1o y mejora el descanso<\/li>\n<li>Sirve para mitigar el dolor de cabeza<\/li>\n<li>Mejora los s\u00edntomas del resfriado com\u00fan<\/li>\n<li>Elimina los hongos<\/li>\n<li>Ayuda a expulsar las flemas o moco acumulado<\/li>\n<li>Mitiga los nervios y la ansiedad<\/li>\n<li>Es muy \u00fatil en caso de bronquitis y asma<\/li>\n<li>Alivia la retenci\u00f3n de l\u00edquidos<\/li>\n<\/ul>\n","protected":false},"featured_media":0,"template":"","meta":[],"product_brand":[],"product_cat":[77],"product_tag":[],"class_list":{"0":"post-3249","1":"product","2":"type-product","3":"status-publish","5":"product_cat-especerias_dulce","7":"first","8":"instock","9":"shipping-taxable","10":"product-type-simple"},"_links":{"self":[{"href":"https:\/\/sucesoresluisrodriguez.com\/site\/wp-json\/wp\/v2\/product\/3249","targetHints":{"allow":["GET"]}}],"collection":[{"href":"https:\/\/sucesoresluisrodriguez.com\/site\/wp-json\/wp\/v2\/product"}],"about":[{"href":"https:\/\/sucesoresluisrodriguez.com\/site\/wp-json\/wp\/v2\/types\/product"}],"wp:attachment":[{"href":"https:\/\/sucesoresluisrodriguez.com\/site\/wp-json\/wp\/v2\/media?parent=3249"}],"wp:term":[{"taxonomy":"product_brand","embeddable":true,"href":"https:\/\/sucesoresluisrodriguez.com\/site\/wp-json\/wp\/v2\/product_brand?post=3249"},{"taxonomy":"product_cat","embeddable":true,"href":"https:\/\/sucesoresluisrodriguez.com\/site\/wp-json\/wp\/v2\/product_cat?post=3249"},{"taxonomy":"product_tag","embeddable":true,"href":"https:\/\/sucesoresluisrodriguez.com\/site\/wp-json\/wp\/v2\/product_tag?post=3249"}],"curies":[{"name":"wp","href":"https:\/\/api.w.org\/{rel}","templated":true}]}}