{"id":3243,"date":"2020-05-26T16:10:54","date_gmt":"2020-05-26T16:10:54","guid":{"rendered":"http:\/\/sucesoresluisrodriguez.com\/site\/?post_type=product&#038;p=3243"},"modified":"2020-05-26T16:10:55","modified_gmt":"2020-05-26T16:10:55","slug":"alpiste","status":"publish","type":"product","link":"https:\/\/sucesoresluisrodriguez.com\/site\/product\/alpiste\/","title":{"rendered":"Alpiste"},"content":{"rendered":"","protected":false},"excerpt":{"rendered":"<h3>Presentaci\u00f3n disponible del producto: Libra.<\/h3>\n<hr \/>\n<p>Es sabido que el alpiste posee enzimas que remueven r\u00e1pidamente la grasa del cuerpo, no solo en la forma sino tambi\u00e9n en venas, coraz\u00f3n y arterias.\u00a0Las semillas de alpiste pueden ser incorporadas a la dieta como una forma de incluir un alimento sano que entrega m\u00faltiples propiedades a nuestro organismo.<\/p>\n<p>Las semillas de alpiste pierden su gran cantidad de propiedades al ser cocinadas, por lo tanto deben comerse crudas y as\u00ed obtener todos sus beneficios.\u00a0Tambi\u00e9n se puede hacer leche de estas semillas, que se recomienda beber dos veces al d\u00eda: en la ma\u00f1ana antes del desayuno y en la noche, despu\u00e9s de la \u00faltima comida.<\/p>\n<h3>BENEFICIOS<\/h3>\n<h4><strong>1- Las semillas de alpiste son libres de gluten<\/strong><\/h4>\n<p>Una de las caracter\u00edsticas m\u00e1s interesantes del alpiste es que se trata de un alimento que no tiene gluten, por lo que tambi\u00e9n los celiacos pueden consumirlo. Otra ventaja es su alto contenido en prote\u00ednas, lo que las convierte en un alimento viable y beneficioso para este tipo de pacientes.<\/p>\n<p>Es por esto que puede elaborarse leche, harina y otros productos horneados siendo seguro y apto para el consumo de todo tipo de personas.<\/p>\n<h4><strong>2-\u00a0Aporta nutrientes potreicos sin dejar residuos<\/strong><\/h4>\n<p>El alpiste cuenta con 10 gramos de prote\u00edna por cada cinco cucharaditas. Esto corresponde al 20% de la cantidad recomendada de prote\u00ednas diariamente, por lo tanto se equipara en calidad proteica a la carne, pero sin dejar ning\u00fan residuo t\u00f3xico en el cuerpo.<\/p>\n<p>Entre las prote\u00ednas que contiene se destaca la arginina, un amino\u00e1cido esencial que debe consumirse en la dieta, ya que su funci\u00f3n en el organismo es reducir el tiempo de curaci\u00f3n de las heridas, la reparaci\u00f3n r\u00e1pida de tejidos da\u00f1ados y ayudar a mantener una presi\u00f3n sangu\u00ednea baja, especialmente en pacientes hipertensos.<\/p>\n<h4><strong>3-\u00a0Sirve como depurador del cuerpo<\/strong><\/h4>\n<p>El alpiste cuenta con enzimas beneficiosas para la desintoxicaci\u00f3n de varios \u00f3rganos, entre ellos los principales depuradores del organismo: ri\u00f1\u00f3n e h\u00edgado.<\/p>\n<h4><strong>4- Ayuda a bajar de peso<\/strong><\/h4>\n<figure class=\"wp-image-219159  aligncenter\"><\/figure>\n<p>De forma r\u00e1pida, segura y efectiva. Al contener entre sus enzimas la lipasa, que se encarga de eliminar las grasas que se encuentran en exceso en el organismo.<\/p>\n<p>Adem\u00e1s, su alta carga de prote\u00ednas aumenta la sensaci\u00f3n de saciedad, por lo que son un excelente complemento para dietas hipocal\u00f3ricas.<\/p>\n<p>La lipasa barre la grasa que rodea m\u00fasculos y tambi\u00e9n al sistema circulatorio, por lo que los niveles de energ\u00eda de la persona aumentan y hacer ejercicio se hace m\u00e1s f\u00e1cil. Esta mezcla de factores es lo que convierte a las semillas de alpiste en unas excelentes aliadas para la p\u00e9rdida de peso.<\/p>\n<p>Junto con esto, las semillas de alpiste contienen tript\u00f3fano, un importante amino\u00e1cido esencial que ayuda a reducir la ansiedad o la depresi\u00f3n al aumentar los niveles de serotonina. Con esto, se disminuyen los impulsos de comer todo el d\u00eda, permitiendo a la persona tener una alimentaci\u00f3n m\u00e1s equilibrada que le ayude a reducir su peso.<\/p>\n<h4><strong>5- Disminuyen el colesterol<\/strong><\/h4>\n<p>Por su gran cantidad de enzimas, las semillas de alpiste tambi\u00e9n se utilizan para la reducci\u00f3n del colesterol. Ayudan a mantener los niveles de grasa en el cuerpo m\u00e1s bajos y por lo tanto toda la funci\u00f3n metab\u00f3lica del organismo se incrementa.<\/p>\n<h4><strong>6- Reducen los niveles de az\u00facar en el cuerpo<\/strong><\/h4>\n<p>Son ideales para los pacientes diab\u00e9ticos, ya que ayudan a la funci\u00f3n de las c\u00e9lulas pancre\u00e1ticas. Con esto, aumentan la energ\u00eda y los niveles de az\u00facar se mantienen m\u00e1s estables. Por eso son recomendados para todo tipo de pacientes que sufren de s\u00edndromes metab\u00f3licos como diabetes, hipertensi\u00f3n y obesidad, entre muchos otros.<\/p>\n<h4><strong>7-\u00a0Excelentes para la piel<\/strong><\/h4>\n<p>Las semillas de alpiste poseen una gran cantidad de antioxidantes en su an\u00e1lisis nutricional. Esto las convierten en una excelente alternativa para cuidar la piel y prevenir el proceso de degradaci\u00f3n celular, tanto externa como interna en el organismo, retrasando la acci\u00f3n de los radicales libres responsables del envejecimiento.<\/p>\n<h4><strong>8- Eliminan la inflamaci\u00f3n de \u00f3rganos y articulaciones<\/strong><\/h4>\n<p>La gran cantidad de enzimas presentes en las semillas de alpiste eliminan la inflamaci\u00f3n de los \u00f3rganos, especialmente del h\u00edgado, p\u00e1ncreas y los ri\u00f1ones.<\/p>\n<p>Esto ayudar\u00eda en el tratamiento de enfermedades cr\u00f3nicas de estos \u00f3rganos como el caso de la cirrosis y la diabetes.<\/p>\n<h4><strong>9- Incrementan la funci\u00f3n hep\u00e1tica<\/strong><\/h4>\n<p>Las semillas de alpiste aumentan el n\u00famero de hepatocitos en el h\u00edgado, lo que contribuye a ayudar en el tratamiento de enfermedades como la cirrosis hep\u00e1tica y tambi\u00e9n apoya la funci\u00f3n renal.<\/p>\n<h4><strong>10- Ayudan en des\u00f3rdenes del sistema urinario<\/strong><\/h4>\n<p>Las semillas de alpiste tienen propiedades antibacterianas, adem\u00e1s de desinflamar \u00f3rganos afectados. Es por eso que son muy eficaces en el tratamiento de infecciones tanto urinarias como de los ri\u00f1ones. Adem\u00e1s, estimulan la diuresis, ayudando a la limpieza de las v\u00edas urinarias en casos de cistitis.<\/p>\n<h4><strong>11- Reducen la presi\u00f3n arterial<\/strong><\/h4>\n<p>De acuerdo a un estudio realizado por la Universidad Federal de Sao Paulo, Brasil, se demostr\u00f3 que las semillas de alpiste pueden ser utilizadas para casos de hipertensi\u00f3n. Esto es debido a la presencia de tritopfano en su composici\u00f3n, lo que provoca una reducci\u00f3n en el estr\u00e9s y la tensi\u00f3n, resultando en reducci\u00f3n de la presi\u00f3n arterial.<\/p>\n<h4><strong>12-\u00a0Ayuda a mantener a raya episodios de depresi\u00f3n o estr\u00e9s<\/strong><\/h4>\n<p>Este amino\u00e1cido esencial- que solo se obtiene a trav\u00e9s de la alimentaci\u00f3n- es fundamental para la liberaci\u00f3n de serotonina, neurotransmisor que brinda sensaciones placenteras, sue\u00f1o y relajaci\u00f3n. Por eso, el consumo de semillas de alpiste es muy beneficioso para quienes sufren de depresi\u00f3n, angustia y otros trastornos de ansiedad, agresividad y estr\u00e9s.<\/p>\n<p>Adem\u00e1s, el tript\u00f3fano permite que el cerebro segregue <a title=\"melatonina\" href=\"https:\/\/www.lifeder.com\/melatonina\/\" target=\"_blank\" rel=\"noopener noreferrer\" data-ail=\"38956\">melatonina<\/a>, una hormona que regula los ciclos de sue\u00f1o y controla el sue\u00f1o-vigilia, por lo que son muy efectivas para el insomnio.<\/p>\n<h4><strong>13- Promueven el bienestar de la circulaci\u00f3n sangu\u00ednea<\/strong><\/h4>\n<p>Las semillas de alpiste son altas en \u00e1cidos grasos poliinsaturados omega 3 y omega 6. Estos \u00e1cidos son muy beneficiosos para el organismo, pero el cuerpo no los produce, por lo que es muy importante consumirlos.<\/p>\n<p>Mejoran la salud cardiovascular y previenen enfermedades relacionadas como la arterioesclorosis al reducir los dep\u00f3sitos de grasa que pueden acumularse en las paredes de venas\u00a0 y arterias. Incluso pueden prevenir la formaci\u00f3n de co\u00e1gulos o trombos.<\/p>\n<p>Tambi\u00e9n se indican efectos ben\u00e9ficos y nutritivos para el cerebro, ya que los \u00e1cidos grasos mejoran la comunicaci\u00f3n entre las neuronas. Esto se demuestra en una mayor capacidad de concentraci\u00f3n.<\/p>\n<p>Adem\u00e1s, los \u00e1cidos grasos presentes en las semillas de alpiste son \u00fatiles para la prevenci\u00f3n y reducci\u00f3n de los s\u00edntomas de la ansiedad y la depresi\u00f3n.<\/p>\n<p>La ventaja de consumir \u00e1cidos grasos de semillas y no de pescados es que se evita la ingesta de productos t\u00f3xicos que pueden estar presentes en los productos del mar, entre ellos metales pesados como el mercurio. Las semillas de alpiste no tienen efectos secundarios y son completamente seguras.<\/p>\n<h4><strong>14- Ayudan a combatir el estre\u00f1imiento<\/strong><\/h4>\n<p>Las semillas de alpiste al igual que la mayor\u00eda de otras semillas tienen un suave efecto laxante que puede ayudar en casos de estre\u00f1imiento, presente en su muc\u00edlago. Esto ayuda a la eliminaci\u00f3n de toxinas en el cuerpo.<\/p>\n<p>Para obtener su m\u00e1ximo efecto laxante natural, lo ideal es mezclar las semillas de alpiste con otras fuentes de fibra, como por ejemplo una ensalada, un batido de frutas, jugos o como parte de los ingredientes del pan integral.<\/p>\n<div class=\"code-block code-block-4\">\n<h4><strong>15- Son libres de lactosa<\/strong><\/h4>\n<p>Con las semillas de alpiste es posible preparar una nutritiva bebida que reemplace la leche de vaca. Al no contener lactosa es una excelente opci\u00f3n para veganos o intolerantes a la prote\u00edna de la leche.<\/p>\n<p>Bebiendo leche de alpiste, se reducen los riesgos de inflamaci\u00f3n y alergias en el organismo y adem\u00e1s es posible recibir la gran cantidad de efectos ben\u00e9ficos que entrega.<\/p>\n<h4><strong>16- Ayudan a tonificar la musculatura del cuerpo<\/strong><\/h4>\n<p>Las semillas de alpiste contienen gran cantidad de lipasa, una enzima que elimina los dep\u00f3sitos de grasa tanto de \u00f3rganos internos como de los m\u00fasculos. De este modo, ayudan a mejorar la tonicidad general del cuerpo, especialmente del abdomen, donde se encuentra gran cantidad de la grasa m\u00e1s da\u00f1ina y relacionada con el colesterol alto.<\/p>\n<p>El consumo regular de semillas de alpiste reduce la retenci\u00f3n de grasa en el organismo y permite el mejor funcionamiento de \u00f3rganos y m\u00fasculos.<\/p>\n<\/div>\n","protected":false},"featured_media":0,"template":"","meta":[],"product_brand":[],"product_cat":[78],"product_tag":[],"class_list":{"0":"post-3243","1":"product","2":"type-product","3":"status-publish","5":"product_cat-otros_comestibles","7":"first","8":"instock","9":"shipping-taxable","10":"product-type-simple"},"_links":{"self":[{"href":"https:\/\/sucesoresluisrodriguez.com\/site\/wp-json\/wp\/v2\/product\/3243","targetHints":{"allow":["GET"]}}],"collection":[{"href":"https:\/\/sucesoresluisrodriguez.com\/site\/wp-json\/wp\/v2\/product"}],"about":[{"href":"https:\/\/sucesoresluisrodriguez.com\/site\/wp-json\/wp\/v2\/types\/product"}],"wp:attachment":[{"href":"https:\/\/sucesoresluisrodriguez.com\/site\/wp-json\/wp\/v2\/media?parent=3243"}],"wp:term":[{"taxonomy":"product_brand","embeddable":true,"href":"https:\/\/sucesoresluisrodriguez.com\/site\/wp-json\/wp\/v2\/product_brand?post=3243"},{"taxonomy":"product_cat","embeddable":true,"href":"https:\/\/sucesoresluisrodriguez.com\/site\/wp-json\/wp\/v2\/product_cat?post=3243"},{"taxonomy":"product_tag","embeddable":true,"href":"https:\/\/sucesoresluisrodriguez.com\/site\/wp-json\/wp\/v2\/product_tag?post=3243"}],"curies":[{"name":"wp","href":"https:\/\/api.w.org\/{rel}","templated":true}]}}