{"id":5671,"date":"2023-06-12T04:15:00","date_gmt":"2023-06-12T04:15:00","guid":{"rendered":"https:\/\/sucesoresluisrodriguez.com\/site\/?page_id=5671"},"modified":"2023-07-17T03:28:24","modified_gmt":"2023-07-17T03:28:24","slug":"estuches","status":"publish","type":"page","link":"http:\/\/sucesoresluisrodriguez.com\/site\/estuches\/","title":{"rendered":"Estuches Peque\u00f1os"},"content":{"rendered":"\t\t<div data-elementor-type=\"wp-page\" data-elementor-id=\"5671\" class=\"elementor elementor-5671\">\n\t\t\t\t\t\t<section class=\"elementor-section elementor-top-section elementor-element elementor-element-29c1ba8 elementor-section-boxed elementor-section-height-default elementor-section-height-default\" data-id=\"29c1ba8\" data-element_type=\"section\">\n\t\t\t\t\t\t<div class=\"elementor-container elementor-column-gap-default\">\n\t\t\t\t\t<div class=\"elementor-column elementor-col-100 elementor-top-column elementor-element elementor-element-e8aeb5a\" data-id=\"e8aeb5a\" data-element_type=\"column\">\n\t\t\t<div class=\"elementor-widget-wrap elementor-element-populated\">\n\t\t\t\t\t\t<div class=\"elementor-element elementor-element-5fd0b0f elementor-widget elementor-widget-heading\" data-id=\"5fd0b0f\" data-element_type=\"widget\" data-widget_type=\"heading.default\">\n\t\t\t\t<div class=\"elementor-widget-container\">\n\t\t\t\t\t<h1 class=\"elementor-heading-title elementor-size-default\">ESTUCHES PEQUE\u00d1OS<\/h1>\t\t\t\t<\/div>\n\t\t\t\t<\/div>\n\t\t\t\t\t<\/div>\n\t\t<\/div>\n\t\t\t\t\t<\/div>\n\t\t<\/section>\n\t\t\t\t<section class=\"elementor-section elementor-top-section elementor-element elementor-element-e32bdd0 elementor-section-boxed elementor-section-height-default elementor-section-height-default\" data-id=\"e32bdd0\" data-element_type=\"section\" data-settings=\"{&quot;background_background&quot;:&quot;classic&quot;}\">\n\t\t\t\t\t\t<div class=\"elementor-container elementor-column-gap-default\">\n\t\t\t\t\t<div class=\"elementor-column elementor-col-33 elementor-top-column elementor-element elementor-element-0acaaa0\" data-id=\"0acaaa0\" data-element_type=\"column\">\n\t\t\t<div class=\"elementor-widget-wrap elementor-element-populated\">\n\t\t\t\t\t\t<div class=\"elementor-element elementor-element-d8f37df elementor-widget elementor-widget-image\" data-id=\"d8f37df\" data-element_type=\"widget\" data-widget_type=\"image.default\">\n\t\t\t\t<div class=\"elementor-widget-container\">\n\t\t\t\t\t\t\t\t\t\t\t\t\t\t\t<img fetchpriority=\"high\" decoding=\"async\" width=\"560\" height=\"490\" src=\"https:\/\/sucesoresluisrodriguez.com\/site\/wp-content\/uploads\/2023\/06\/estuche_ranger_grip_negro2.webp\" class=\"attachment-large size-large wp-image-5655\" alt=\"\" srcset=\"https:\/\/sucesoresluisrodriguez.com\/site\/wp-content\/uploads\/2023\/06\/estuche_ranger_grip_negro2.webp 560w, https:\/\/sucesoresluisrodriguez.com\/site\/wp-content\/uploads\/2023\/06\/estuche_ranger_grip_negro2-300x263.webp 300w, https:\/\/sucesoresluisrodriguez.com\/site\/wp-content\/uploads\/2023\/06\/estuche_ranger_grip_negro2-555x486.webp 555w\" sizes=\"(max-width: 560px) 100vw, 560px\" \/>\t\t\t\t\t\t\t\t\t\t\t\t\t\t\t<\/div>\n\t\t\t\t<\/div>\n\t\t\t\t<div class=\"elementor-element elementor-element-4fa79b8 elementor-widget elementor-widget-heading\" data-id=\"4fa79b8\" data-element_type=\"widget\" data-widget_type=\"heading.default\">\n\t\t\t\t<div class=\"elementor-widget-container\">\n\t\t\t\t\t<h2 class=\"elementor-heading-title elementor-size-default\">ESTUCHE RANGER GRIP NYLON<\/h2>\t\t\t\t<\/div>\n\t\t\t\t<\/div>\n\t\t\t\t<div class=\"elementor-element elementor-element-99d718a elementor-widget elementor-widget-text-editor\" data-id=\"99d718a\" data-element_type=\"widget\" data-widget_type=\"text-editor.default\">\n\t\t\t\t<div class=\"elementor-widget-container\">\n\t\t\t\t\t\t\t\t\t<p>Ideal para guardar y proteger su navaja de bolsillo<\/p><p>Estuche para cintur\u00f3n hecho de piel<\/p><p>Con presilla para cintur\u00f3n y cierre adhesivo<\/p><p><strong>Disponible en:<\/strong><\/p>\t\t\t\t\t\t\t\t<\/div>\n\t\t\t\t<\/div>\n\t\t\t\t<div class=\"elementor-element elementor-element-768b315 elementor-widget elementor-widget-image-gallery\" data-id=\"768b315\" data-element_type=\"widget\" data-widget_type=\"image-gallery.default\">\n\t\t\t\t<div class=\"elementor-widget-container\">\n\t\t\t\t\t\t\t<div class=\"elementor-image-gallery\">\n\t\t\t<div id='gallery-1' class='gallery galleryid-5671 gallery-columns-2 gallery-size-thumbnail'><figure class='gallery-item'>\n\t\t\t<div class='gallery-icon landscape'>\n\t\t\t\t<a data-elementor-open-lightbox=\"yes\" data-elementor-lightbox-slideshow=\"768b315\" data-elementor-lightbox-title=\"estuche_ranger_grip_negro2\" data-e-action-hash=\"#elementor-action%3Aaction%3Dlightbox%26settings%3DeyJpZCI6NTY1NSwidXJsIjoiaHR0cHM6XC9cL3N1Y2Vzb3Jlc2x1aXNyb2RyaWd1ZXouY29tXC9zaXRlXC93cC1jb250ZW50XC91cGxvYWRzXC8yMDIzXC8wNlwvZXN0dWNoZV9yYW5nZXJfZ3JpcF9uZWdybzIud2VicCIsInNsaWRlc2hvdyI6Ijc2OGIzMTUifQ%3D%3D\" href='https:\/\/sucesoresluisrodriguez.com\/site\/wp-content\/uploads\/2023\/06\/estuche_ranger_grip_negro2.webp'><img decoding=\"async\" width=\"150\" height=\"150\" src=\"https:\/\/sucesoresluisrodriguez.com\/site\/wp-content\/uploads\/2023\/06\/estuche_ranger_grip_negro2-150x150.webp\" class=\"attachment-thumbnail size-thumbnail\" alt=\"\" aria-describedby=\"gallery-1-5655\" srcset=\"https:\/\/sucesoresluisrodriguez.com\/site\/wp-content\/uploads\/2023\/06\/estuche_ranger_grip_negro2-150x150.webp 150w, https:\/\/sucesoresluisrodriguez.com\/site\/wp-content\/uploads\/2023\/06\/estuche_ranger_grip_negro2-300x300.webp 300w, https:\/\/sucesoresluisrodriguez.com\/site\/wp-content\/uploads\/2023\/06\/estuche_ranger_grip_negro2-100x100.webp 100w\" sizes=\"(max-width: 150px) 100vw, 150px\" \/><\/a>\n\t\t\t<\/div>\n\t\t\t\t<figcaption class='wp-caption-text gallery-caption' id='gallery-1-5655'>\n\t\t\t\tEstuche Ranger negro\n\t\t\t\t<\/figcaption><\/figure>\n\t\t<\/div>\n\t\t<\/div>\n\t\t\t\t\t\t<\/div>\n\t\t\t\t<\/div>\n\t\t\t\t\t<\/div>\n\t\t<\/div>\n\t\t\t\t<div class=\"elementor-column elementor-col-33 elementor-top-column elementor-element elementor-element-6e6a2421\" data-id=\"6e6a2421\" data-element_type=\"column\">\n\t\t\t<div class=\"elementor-widget-wrap elementor-element-populated\">\n\t\t\t\t\t\t<div class=\"elementor-element elementor-element-c2fb056 elementor-widget elementor-widget-image\" data-id=\"c2fb056\" data-element_type=\"widget\" data-widget_type=\"image.default\">\n\t\t\t\t<div class=\"elementor-widget-container\">\n\t\t\t\t\t\t\t\t\t\t\t\t\t\t\t<img decoding=\"async\" width=\"560\" height=\"490\" src=\"https:\/\/sucesoresluisrodriguez.com\/site\/wp-content\/uploads\/2023\/06\/estuche_nylon_negro2.webp\" class=\"attachment-large size-large wp-image-5658\" alt=\"\" srcset=\"https:\/\/sucesoresluisrodriguez.com\/site\/wp-content\/uploads\/2023\/06\/estuche_nylon_negro2.webp 560w, https:\/\/sucesoresluisrodriguez.com\/site\/wp-content\/uploads\/2023\/06\/estuche_nylon_negro2-300x263.webp 300w, https:\/\/sucesoresluisrodriguez.com\/site\/wp-content\/uploads\/2023\/06\/estuche_nylon_negro2-555x486.webp 555w\" sizes=\"(max-width: 560px) 100vw, 560px\" \/>\t\t\t\t\t\t\t\t\t\t\t\t\t\t\t<\/div>\n\t\t\t\t<\/div>\n\t\t\t\t<div class=\"elementor-element elementor-element-7c42cfc elementor-widget elementor-widget-heading\" data-id=\"7c42cfc\" data-element_type=\"widget\" data-widget_type=\"heading.default\">\n\t\t\t\t<div class=\"elementor-widget-container\">\n\t\t\t\t\t<h2 class=\"elementor-heading-title elementor-size-default\">ESTUCHE NEGRO NAYLON<\/h2>\t\t\t\t<\/div>\n\t\t\t\t<\/div>\n\t\t\t\t<div class=\"elementor-element elementor-element-3f618d43 elementor-widget elementor-widget-text-editor\" data-id=\"3f618d43\" data-element_type=\"widget\" data-widget_type=\"text-editor.default\">\n\t\t\t\t<div class=\"elementor-widget-container\">\n\t\t\t\t\t\t\t\t\t<p>Ideal para guardar y proteger su navaja de bolsillo<\/p><p>Estuche de nailon\u00a0para cintur\u00f3n con bolsillo con linterna<\/p><p>Con presilla para cintur\u00f3n y cierre adhesivo<\/p><p><strong>Disponible en:<\/strong><\/p>\t\t\t\t\t\t\t\t<\/div>\n\t\t\t\t<\/div>\n\t\t\t\t<div class=\"elementor-element elementor-element-a35017d elementor-widget elementor-widget-image-gallery\" data-id=\"a35017d\" data-element_type=\"widget\" data-widget_type=\"image-gallery.default\">\n\t\t\t\t<div class=\"elementor-widget-container\">\n\t\t\t\t\t\t\t<div class=\"elementor-image-gallery\">\n\t\t\t<div id='gallery-2' class='gallery galleryid-5671 gallery-columns-2 gallery-size-thumbnail'><figure class='gallery-item'>\n\t\t\t<div class='gallery-icon landscape'>\n\t\t\t\t<a data-elementor-open-lightbox=\"yes\" data-elementor-lightbox-slideshow=\"a35017d\" data-elementor-lightbox-title=\"estuche_nylon_negro2\" data-e-action-hash=\"#elementor-action%3Aaction%3Dlightbox%26settings%3DeyJpZCI6NTY1OCwidXJsIjoiaHR0cHM6XC9cL3N1Y2Vzb3Jlc2x1aXNyb2RyaWd1ZXouY29tXC9zaXRlXC93cC1jb250ZW50XC91cGxvYWRzXC8yMDIzXC8wNlwvZXN0dWNoZV9ueWxvbl9uZWdybzIud2VicCIsInNsaWRlc2hvdyI6ImEzNTAxN2QifQ%3D%3D\" href='https:\/\/sucesoresluisrodriguez.com\/site\/wp-content\/uploads\/2023\/06\/estuche_nylon_negro2.webp'><img loading=\"lazy\" decoding=\"async\" width=\"150\" height=\"150\" src=\"https:\/\/sucesoresluisrodriguez.com\/site\/wp-content\/uploads\/2023\/06\/estuche_nylon_negro2-150x150.webp\" class=\"attachment-thumbnail size-thumbnail\" alt=\"\" aria-describedby=\"gallery-2-5658\" srcset=\"https:\/\/sucesoresluisrodriguez.com\/site\/wp-content\/uploads\/2023\/06\/estuche_nylon_negro2-150x150.webp 150w, https:\/\/sucesoresluisrodriguez.com\/site\/wp-content\/uploads\/2023\/06\/estuche_nylon_negro2-300x300.webp 300w, https:\/\/sucesoresluisrodriguez.com\/site\/wp-content\/uploads\/2023\/06\/estuche_nylon_negro2-100x100.webp 100w\" sizes=\"(max-width: 150px) 100vw, 150px\" \/><\/a>\n\t\t\t<\/div>\n\t\t\t\t<figcaption class='wp-caption-text gallery-caption' id='gallery-2-5658'>\n\t\t\t\tEstuche naylon negro\n\t\t\t\t<\/figcaption><\/figure>\n\t\t<\/div>\n\t\t<\/div>\n\t\t\t\t\t\t<\/div>\n\t\t\t\t<\/div>\n\t\t\t\t\t<\/div>\n\t\t<\/div>\n\t\t\t\t<div class=\"elementor-column elementor-col-33 elementor-top-column elementor-element elementor-element-bf8a061\" data-id=\"bf8a061\" data-element_type=\"column\">\n\t\t\t<div class=\"elementor-widget-wrap elementor-element-populated\">\n\t\t\t\t\t\t<div class=\"elementor-element elementor-element-c4b1735 elementor-widget elementor-widget-image\" data-id=\"c4b1735\" data-element_type=\"widget\" data-widget_type=\"image.default\">\n\t\t\t\t<div class=\"elementor-widget-container\">\n\t\t\t\t\t\t\t\t\t\t\t\t\t\t\t<img loading=\"lazy\" decoding=\"async\" width=\"560\" height=\"490\" src=\"https:\/\/sucesoresluisrodriguez.com\/site\/wp-content\/uploads\/2023\/06\/estuche_nylon_negro_cinturon2.webp\" class=\"attachment-large size-large wp-image-5662\" alt=\"\" srcset=\"https:\/\/sucesoresluisrodriguez.com\/site\/wp-content\/uploads\/2023\/06\/estuche_nylon_negro_cinturon2.webp 560w, https:\/\/sucesoresluisrodriguez.com\/site\/wp-content\/uploads\/2023\/06\/estuche_nylon_negro_cinturon2-300x263.webp 300w, https:\/\/sucesoresluisrodriguez.com\/site\/wp-content\/uploads\/2023\/06\/estuche_nylon_negro_cinturon2-555x486.webp 555w\" sizes=\"(max-width: 560px) 100vw, 560px\" \/>\t\t\t\t\t\t\t\t\t\t\t\t\t\t\t<\/div>\n\t\t\t\t<\/div>\n\t\t\t\t<div class=\"elementor-element elementor-element-999c9fc elementor-widget elementor-widget-heading\" data-id=\"999c9fc\" data-element_type=\"widget\" data-widget_type=\"heading.default\">\n\t\t\t\t<div class=\"elementor-widget-container\">\n\t\t\t\t\t<h2 class=\"elementor-heading-title elementor-size-default\">ESTUCHE NEGRO PARA CINTURON<\/h2>\t\t\t\t<\/div>\n\t\t\t\t<\/div>\n\t\t\t\t<div class=\"elementor-element elementor-element-b1f4e9d elementor-widget elementor-widget-text-editor\" data-id=\"b1f4e9d\" data-element_type=\"widget\" data-widget_type=\"text-editor.default\">\n\t\t\t\t<div class=\"elementor-widget-container\">\n\t\t\t\t\t\t\t\t\t<p>Ideal para guardar y proteger tu navaja de bolsillo<\/p><p>Estuche de nylon para cintur\u00f3n<\/p><p>Con presilla para cintur\u00f3n y cierre adhesivo<\/p><p><strong>Disponible en:<\/strong><\/p>\t\t\t\t\t\t\t\t<\/div>\n\t\t\t\t<\/div>\n\t\t\t\t<div class=\"elementor-element elementor-element-4b08c2c elementor-widget elementor-widget-image-gallery\" data-id=\"4b08c2c\" data-element_type=\"widget\" data-widget_type=\"image-gallery.default\">\n\t\t\t\t<div class=\"elementor-widget-container\">\n\t\t\t\t\t\t\t<div class=\"elementor-image-gallery\">\n\t\t\t<div id='gallery-3' class='gallery galleryid-5671 gallery-columns-2 gallery-size-thumbnail'><figure class='gallery-item'>\n\t\t\t<div class='gallery-icon landscape'>\n\t\t\t\t<a data-elementor-open-lightbox=\"yes\" data-elementor-lightbox-slideshow=\"4b08c2c\" data-elementor-lightbox-title=\"estuche_nylon_negro_cinturon2\" data-e-action-hash=\"#elementor-action%3Aaction%3Dlightbox%26settings%3DeyJpZCI6NTY2MiwidXJsIjoiaHR0cHM6XC9cL3N1Y2Vzb3Jlc2x1aXNyb2RyaWd1ZXouY29tXC9zaXRlXC93cC1jb250ZW50XC91cGxvYWRzXC8yMDIzXC8wNlwvZXN0dWNoZV9ueWxvbl9uZWdyb19jaW50dXJvbjIud2VicCIsInNsaWRlc2hvdyI6IjRiMDhjMmMifQ%3D%3D\" href='https:\/\/sucesoresluisrodriguez.com\/site\/wp-content\/uploads\/2023\/06\/estuche_nylon_negro_cinturon2.webp'><img loading=\"lazy\" decoding=\"async\" width=\"150\" height=\"150\" src=\"https:\/\/sucesoresluisrodriguez.com\/site\/wp-content\/uploads\/2023\/06\/estuche_nylon_negro_cinturon2-150x150.webp\" class=\"attachment-thumbnail size-thumbnail\" alt=\"\" aria-describedby=\"gallery-3-5662\" srcset=\"https:\/\/sucesoresluisrodriguez.com\/site\/wp-content\/uploads\/2023\/06\/estuche_nylon_negro_cinturon2-150x150.webp 150w, https:\/\/sucesoresluisrodriguez.com\/site\/wp-content\/uploads\/2023\/06\/estuche_nylon_negro_cinturon2-300x300.webp 300w, https:\/\/sucesoresluisrodriguez.com\/site\/wp-content\/uploads\/2023\/06\/estuche_nylon_negro_cinturon2-100x100.webp 100w\" sizes=\"(max-width: 150px) 100vw, 150px\" \/><\/a>\n\t\t\t<\/div>\n\t\t\t\t<figcaption class='wp-caption-text gallery-caption' id='gallery-3-5662'>\n\t\t\t\tEstuche negro para cinturon\n\t\t\t\t<\/figcaption><\/figure>\n\t\t<\/div>\n\t\t<\/div>\n\t\t\t\t\t\t<\/div>\n\t\t\t\t<\/div>\n\t\t\t\t\t<\/div>\n\t\t<\/div>\n\t\t\t\t\t<\/div>\n\t\t<\/section>\n\t\t\t\t<section class=\"elementor-section elementor-top-section elementor-element elementor-element-2305187 elementor-section-boxed elementor-section-height-default elementor-section-height-default\" data-id=\"2305187\" data-element_type=\"section\" data-settings=\"{&quot;background_background&quot;:&quot;gradient&quot;}\">\n\t\t\t\t\t\t<div class=\"elementor-container elementor-column-gap-default\">\n\t\t\t\t\t<div class=\"elementor-column elementor-col-33 elementor-top-column elementor-element elementor-element-38b33552\" data-id=\"38b33552\" data-element_type=\"column\">\n\t\t\t<div class=\"elementor-widget-wrap elementor-element-populated\">\n\t\t\t\t\t\t<div class=\"elementor-element elementor-element-ede5e35 elementor-widget elementor-widget-image\" data-id=\"ede5e35\" data-element_type=\"widget\" data-widget_type=\"image.default\">\n\t\t\t\t<div class=\"elementor-widget-container\">\n\t\t\t\t\t\t\t\t\t\t\t\t\t\t\t<img loading=\"lazy\" decoding=\"async\" width=\"560\" height=\"490\" src=\"https:\/\/sucesoresluisrodriguez.com\/site\/wp-content\/uploads\/2023\/06\/estuche_cuero_negro2.webp\" class=\"attachment-large size-large wp-image-5665\" alt=\"\" srcset=\"https:\/\/sucesoresluisrodriguez.com\/site\/wp-content\/uploads\/2023\/06\/estuche_cuero_negro2.webp 560w, https:\/\/sucesoresluisrodriguez.com\/site\/wp-content\/uploads\/2023\/06\/estuche_cuero_negro2-300x263.webp 300w, https:\/\/sucesoresluisrodriguez.com\/site\/wp-content\/uploads\/2023\/06\/estuche_cuero_negro2-555x486.webp 555w\" sizes=\"(max-width: 560px) 100vw, 560px\" \/>\t\t\t\t\t\t\t\t\t\t\t\t\t\t\t<\/div>\n\t\t\t\t<\/div>\n\t\t\t\t<div class=\"elementor-element elementor-element-3afef5e7 elementor-widget elementor-widget-heading\" data-id=\"3afef5e7\" data-element_type=\"widget\" data-widget_type=\"heading.default\">\n\t\t\t\t<div class=\"elementor-widget-container\">\n\t\t\t\t\t<h2 class=\"elementor-heading-title elementor-size-default\">ESTUCHE CUERO NEGRO<\/h2>\t\t\t\t<\/div>\n\t\t\t\t<\/div>\n\t\t\t\t<div class=\"elementor-element elementor-element-25b5fd0e elementor-widget elementor-widget-text-editor\" data-id=\"25b5fd0e\" data-element_type=\"widget\" data-widget_type=\"text-editor.default\">\n\t\t\t\t<div class=\"elementor-widget-container\">\n\t\t\t\t\t\t\t\t\t<p>Guarda tu Swiss Tool X Plus de forma segura en tu mochila o en tu cintur\u00f3n<\/p><p>Funda de piel cuidadosamente elaborada<\/p><p>Viene con una presilla para cintur\u00f3n y un cierre adhesivo f\u00e1cil de usar para mayor protecci\u00f3n<\/p><p><strong>Disponible en:<\/strong><\/p>\t\t\t\t\t\t\t\t<\/div>\n\t\t\t\t<\/div>\n\t\t\t\t<div class=\"elementor-element elementor-element-4f63661 elementor-widget elementor-widget-image-gallery\" data-id=\"4f63661\" data-element_type=\"widget\" data-widget_type=\"image-gallery.default\">\n\t\t\t\t<div class=\"elementor-widget-container\">\n\t\t\t\t\t\t\t<div class=\"elementor-image-gallery\">\n\t\t\t<div id='gallery-4' class='gallery galleryid-5671 gallery-columns-2 gallery-size-thumbnail'><figure class='gallery-item'>\n\t\t\t<div class='gallery-icon landscape'>\n\t\t\t\t<a data-elementor-open-lightbox=\"yes\" data-elementor-lightbox-slideshow=\"4f63661\" data-elementor-lightbox-title=\"estuche_cuero_negro2\" data-e-action-hash=\"#elementor-action%3Aaction%3Dlightbox%26settings%3DeyJpZCI6NTY2NSwidXJsIjoiaHR0cHM6XC9cL3N1Y2Vzb3Jlc2x1aXNyb2RyaWd1ZXouY29tXC9zaXRlXC93cC1jb250ZW50XC91cGxvYWRzXC8yMDIzXC8wNlwvZXN0dWNoZV9jdWVyb19uZWdybzIud2VicCIsInNsaWRlc2hvdyI6IjRmNjM2NjEifQ%3D%3D\" href='https:\/\/sucesoresluisrodriguez.com\/site\/wp-content\/uploads\/2023\/06\/estuche_cuero_negro2.webp'><img loading=\"lazy\" decoding=\"async\" width=\"150\" height=\"150\" src=\"https:\/\/sucesoresluisrodriguez.com\/site\/wp-content\/uploads\/2023\/06\/estuche_cuero_negro2-150x150.webp\" class=\"attachment-thumbnail size-thumbnail\" alt=\"\" aria-describedby=\"gallery-4-5665\" srcset=\"https:\/\/sucesoresluisrodriguez.com\/site\/wp-content\/uploads\/2023\/06\/estuche_cuero_negro2-150x150.webp 150w, https:\/\/sucesoresluisrodriguez.com\/site\/wp-content\/uploads\/2023\/06\/estuche_cuero_negro2-300x300.webp 300w, https:\/\/sucesoresluisrodriguez.com\/site\/wp-content\/uploads\/2023\/06\/estuche_cuero_negro2-100x100.webp 100w\" sizes=\"(max-width: 150px) 100vw, 150px\" \/><\/a>\n\t\t\t<\/div>\n\t\t\t\t<figcaption class='wp-caption-text gallery-caption' id='gallery-4-5665'>\n\t\t\t\tEstuche cuero negro\n\t\t\t\t<\/figcaption><\/figure>\n\t\t<\/div>\n\t\t<\/div>\n\t\t\t\t\t\t<\/div>\n\t\t\t\t<\/div>\n\t\t\t\t\t<\/div>\n\t\t<\/div>\n\t\t\t\t<div class=\"elementor-column elementor-col-33 elementor-top-column elementor-element elementor-element-e7f7537\" data-id=\"e7f7537\" data-element_type=\"column\">\n\t\t\t<div class=\"elementor-widget-wrap elementor-element-populated\">\n\t\t\t\t\t\t<div class=\"elementor-element elementor-element-74ba190 elementor-widget elementor-widget-image\" data-id=\"74ba190\" data-element_type=\"widget\" data-widget_type=\"image.default\">\n\t\t\t\t<div class=\"elementor-widget-container\">\n\t\t\t\t\t\t\t\t\t\t\t\t\t\t\t<img loading=\"lazy\" decoding=\"async\" width=\"560\" height=\"490\" src=\"https:\/\/sucesoresluisrodriguez.com\/site\/wp-content\/uploads\/2023\/06\/estuche_cinturon_oliva2.webp\" class=\"attachment-large size-large wp-image-5664\" alt=\"\" srcset=\"https:\/\/sucesoresluisrodriguez.com\/site\/wp-content\/uploads\/2023\/06\/estuche_cinturon_oliva2.webp 560w, https:\/\/sucesoresluisrodriguez.com\/site\/wp-content\/uploads\/2023\/06\/estuche_cinturon_oliva2-300x263.webp 300w, https:\/\/sucesoresluisrodriguez.com\/site\/wp-content\/uploads\/2023\/06\/estuche_cinturon_oliva2-555x486.webp 555w\" sizes=\"(max-width: 560px) 100vw, 560px\" \/>\t\t\t\t\t\t\t\t\t\t\t\t\t\t\t<\/div>\n\t\t\t\t<\/div>\n\t\t\t\t<div class=\"elementor-element elementor-element-d1a551a elementor-widget elementor-widget-heading\" data-id=\"d1a551a\" data-element_type=\"widget\" data-widget_type=\"heading.default\">\n\t\t\t\t<div class=\"elementor-widget-container\">\n\t\t\t\t\t<h2 class=\"elementor-heading-title elementor-size-default\">ESTUCHE OLIVA PARA CINTURON<\/h2>\t\t\t\t<\/div>\n\t\t\t\t<\/div>\n\t\t\t\t<div class=\"elementor-element elementor-element-72c1288 elementor-widget elementor-widget-text-editor\" data-id=\"72c1288\" data-element_type=\"widget\" data-widget_type=\"text-editor.default\">\n\t\t\t\t<div class=\"elementor-widget-container\">\n\t\t\t\t\t\t\t\t\t<p>Ideal para guardar y proteger su navaja de bolsillo<\/p><p>Estuche de nailon para cintur\u00f3n<\/p><p>Con presilla del cintur\u00f3n y cierre adhesivo<\/p><p><strong>Disponible en:<\/strong><\/p>\t\t\t\t\t\t\t\t<\/div>\n\t\t\t\t<\/div>\n\t\t\t\t<div class=\"elementor-element elementor-element-826e908 elementor-widget elementor-widget-image-gallery\" data-id=\"826e908\" data-element_type=\"widget\" data-widget_type=\"image-gallery.default\">\n\t\t\t\t<div class=\"elementor-widget-container\">\n\t\t\t\t\t\t\t<div class=\"elementor-image-gallery\">\n\t\t\t<div id='gallery-5' class='gallery galleryid-5671 gallery-columns-2 gallery-size-thumbnail'><figure class='gallery-item'>\n\t\t\t<div class='gallery-icon landscape'>\n\t\t\t\t<a data-elementor-open-lightbox=\"yes\" data-elementor-lightbox-slideshow=\"826e908\" data-elementor-lightbox-title=\"estuche_cinturon_oliva2\" data-e-action-hash=\"#elementor-action%3Aaction%3Dlightbox%26settings%3DeyJpZCI6NTY2NCwidXJsIjoiaHR0cHM6XC9cL3N1Y2Vzb3Jlc2x1aXNyb2RyaWd1ZXouY29tXC9zaXRlXC93cC1jb250ZW50XC91cGxvYWRzXC8yMDIzXC8wNlwvZXN0dWNoZV9jaW50dXJvbl9vbGl2YTIud2VicCIsInNsaWRlc2hvdyI6IjgyNmU5MDgifQ%3D%3D\" href='https:\/\/sucesoresluisrodriguez.com\/site\/wp-content\/uploads\/2023\/06\/estuche_cinturon_oliva2.webp'><img loading=\"lazy\" decoding=\"async\" width=\"150\" height=\"150\" src=\"https:\/\/sucesoresluisrodriguez.com\/site\/wp-content\/uploads\/2023\/06\/estuche_cinturon_oliva2-150x150.webp\" class=\"attachment-thumbnail size-thumbnail\" alt=\"\" aria-describedby=\"gallery-5-5664\" srcset=\"https:\/\/sucesoresluisrodriguez.com\/site\/wp-content\/uploads\/2023\/06\/estuche_cinturon_oliva2-150x150.webp 150w, https:\/\/sucesoresluisrodriguez.com\/site\/wp-content\/uploads\/2023\/06\/estuche_cinturon_oliva2-300x300.webp 300w, https:\/\/sucesoresluisrodriguez.com\/site\/wp-content\/uploads\/2023\/06\/estuche_cinturon_oliva2-100x100.webp 100w\" sizes=\"(max-width: 150px) 100vw, 150px\" \/><\/a>\n\t\t\t<\/div>\n\t\t\t\t<figcaption class='wp-caption-text gallery-caption' id='gallery-5-5664'>\n\t\t\t\tEstuche oliva\n\t\t\t\t<\/figcaption><\/figure>\n\t\t<\/div>\n\t\t<\/div>\n\t\t\t\t\t\t<\/div>\n\t\t\t\t<\/div>\n\t\t\t\t\t<\/div>\n\t\t<\/div>\n\t\t\t\t<div class=\"elementor-column elementor-col-33 elementor-top-column elementor-element elementor-element-a61d3ee\" data-id=\"a61d3ee\" data-element_type=\"column\">\n\t\t\t<div class=\"elementor-widget-wrap\">\n\t\t\t\t\t\t\t<\/div>\n\t\t<\/div>\n\t\t\t\t\t<\/div>\n\t\t<\/section>\n\t\t\t\t<section class=\"elementor-section elementor-top-section elementor-element elementor-element-24731a8 elementor-section-boxed elementor-section-height-default elementor-section-height-default\" data-id=\"24731a8\" data-element_type=\"section\" data-settings=\"{&quot;background_background&quot;:&quot;gradient&quot;}\">\n\t\t\t\t\t\t<div class=\"elementor-container elementor-column-gap-default\">\n\t\t\t\t\t<div class=\"elementor-column elementor-col-100 elementor-top-column elementor-element elementor-element-d17b0a8\" data-id=\"d17b0a8\" data-element_type=\"column\" data-settings=\"{&quot;background_background&quot;:&quot;gradient&quot;}\">\n\t\t\t<div class=\"elementor-widget-wrap\">\n\t\t\t\t\t\t\t<\/div>\n\t\t<\/div>\n\t\t\t\t\t<\/div>\n\t\t<\/section>\n\t\t\t\t<\/div>\n\t\t","protected":false},"excerpt":{"rendered":"<p>ESTUCHES PEQUE\u00d1OS ESTUCHE RANGER GRIP NYLON Ideal para guardar y proteger su navaja de bolsillo Estuche para cintur\u00f3n hecho de piel Con presilla para cintur\u00f3n y cierre adhesivo Disponible en: Estuche Ranger negro ESTUCHE NEGRO NAYLON Ideal para guardar y proteger su navaja de bolsillo Estuche de nailon\u00a0para cintur\u00f3n con bolsillo con linterna Con presilla &hellip;<\/p>\n","protected":false},"author":1,"featured_media":0,"parent":0,"menu_order":0,"comment_status":"closed","ping_status":"closed","template":"elementor_header_footer","meta":{"footnotes":""},"class_list":["post-5671","page","type-page","status-publish","hentry"],"_links":{"self":[{"href":"http:\/\/sucesoresluisrodriguez.com\/site\/wp-json\/wp\/v2\/pages\/5671","targetHints":{"allow":["GET"]}}],"collection":[{"href":"http:\/\/sucesoresluisrodriguez.com\/site\/wp-json\/wp\/v2\/pages"}],"about":[{"href":"http:\/\/sucesoresluisrodriguez.com\/site\/wp-json\/wp\/v2\/types\/page"}],"author":[{"embeddable":true,"href":"http:\/\/sucesoresluisrodriguez.com\/site\/wp-json\/wp\/v2\/users\/1"}],"replies":[{"embeddable":true,"href":"http:\/\/sucesoresluisrodriguez.com\/site\/wp-json\/wp\/v2\/comments?post=5671"}],"version-history":[{"count":11,"href":"http:\/\/sucesoresluisrodriguez.com\/site\/wp-json\/wp\/v2\/pages\/5671\/revisions"}],"predecessor-version":[{"id":5937,"href":"http:\/\/sucesoresluisrodriguez.com\/site\/wp-json\/wp\/v2\/pages\/5671\/revisions\/5937"}],"wp:attachment":[{"href":"http:\/\/sucesoresluisrodriguez.com\/site\/wp-json\/wp\/v2\/media?parent=5671"}],"curies":[{"name":"wp","href":"https:\/\/api.w.org\/{rel}","templated":true}]}}